emainder when 1022511 is divided by 94.
73
Calculate the remainder when 12221406 is divided by 6316.
6262
Calculate the remainder when 19773946 is divided by 865.
46
Calculate the remainder when 1746320 is divided by 85.
80
What is the remainder when 1737768 is divided by 83?
80
Calculate the remainder when 223996 is divided by 37186.
880
Calculate the remainder when 74405 is divided by 5426.
3867
What is the remainder when 145049 is divided by 1813?
9
What is the remainder when 50028 is divided by 7653?
4110
What is the remainder when 2250226 is divided by 32?
18
Calculate the remainder when 92577389 is divided by 8.
5
What is the remainder when 1900390 is divided by 15?
10
Calculate the remainder when 374665 is divided by 4.
1
What is the remainder when 3756876 is divided by 603?
186
What is the remainder when 9579001 is divided by 3482?
19
Calculate the remainder when 140701475 is divided by 273.
5
What is the remainder when 204263 is divided by 824?
735
Calculate the remainder when 215373 is divided by 9714.
1665
What is the remainder when 1095982 is divided by 85?
77
What is the remainder when 33016 is divided by 2512?
360
What is the remainder when 217332 is divided by 24139?
81
What is the remainder when 646359 is divided by 316?
139
Calculate the remainder when 5969480 is divided by 34307.
62
What is the remainder when 23802021 is divided by 25?
21
What is the remainder when 927119 is divided by 132406?
277
What is the remainder when 7139061 is divided by 2379685?
6
What is the remainder when 6018946 is divided by 2993?
23
Calculate the remainder when 37235 is divided by 3760.
3395
What is the remainder when 25046 is divided by 4159?
92
Calculate the remainder when 4824567 is divided by 1173.
18
Calculate the remainder when 355886 is divided by 6590.
26
Calculate the remainder when 338311 is divided by 168912.
487
What is the remainder when 344168 is divided by 608?
40
What is the remainder when 921159 is divided by 920195?
964
Calculate the remainder when 33981 is divided by 192.
189
What is the remainder when 14463709 is divided by 53969?
17
What is the remainder when 14252050 is divided by 1938?
1936
Calculate the remainder when 22828118 is divided by 665.
663
Calculate the remainder when 16381787 is divided by 31.
23
Calculate the remainder when 19918210 is divided by 19.
16
What is the remainder when 98758 is divided by 32915?
13
Calculate the remainder when 218146 is divided by 214.
80
What is the remainder when 9944228 is divided by 9944224?
4
Calculate the remainder when 920874 is divided by 574.
178
Calculate the remainder when 5485639 is divided by 139.
4
Calculate the remainder when 67971 is divided by 1992.
243
What is the remainder when 459071 is divided by 2207?
15
What is the remainder when 1749410 is divided by 180?
170
What is the remainder when 1849382144 is divided by 1901?
1898
Calculate the remainder when 58299658 is divided by 1257.
1255
What is the remainder when 9560457 is divided by 105?
102
What is the remainder when 298674 is divided by 126?
54
Calculate the remainder when 20032489 is divided by 317.
308
Calculate the remainder when 7053665 is divided by 8.
1
What is the remainder when 220113 is divided by 6668?
69
What is the remainder when 13505020 is divided by 16?
12
What is the remainder when 55968816 is divided by 39526?
0
What is the remainder when 4092126 is divided by 2799?
2787
Calculate the remainder when 3395088 is divided by 469.
466
What is the remainder when 18876 is divided by 3168?
3036
What is the remainder when 724 is divided by 655?
69
Calculate the remainder when 1555484 is divided by 19.
11
What is the remainder when 36113 is divided by 16860?
2393
What is the remainder when 625459 is divided by 2351?
93
What is the remainder when 99017 is divided by 8195?
677
What is the remainder when 42489 is divided by 1492?
713
Calculate the remainder when 23736006 is divided by 4173.
4155
What is the remainder when 15293925 is divided by 3823455?
105
What is the remainder when 6829913 is divided by 38?
21
What is the remainder when 109128 is divided by 155?
8
Calculate the remainder when 4299007 is divided by 2149304.
399
What is the remainder when 260432 is divided by 293?
248
What is the remainder when 49612 is divided by 8219?
298
What is the remainder when 17342033 is divided by 33286?
27
Calculate the remainder when 896604 is divided by 70.
44
Calculate the remainder when 77636 is divided by 25829.
149
What is the remainder when 310233 is divided by 2170?
2093
What is the remainder when 933922 is divided by 7412?
10
Calculate the remainder when 398492 is divided by 18.
8
What is the remainder when 964641 is divided by 2959?
7
What is the remainder when 1134179 is divided by 19?
12
Calculate the remainder when 2734290 is divided by 151905.
0
Calculate the remainder when 5734116 is divided by 6179.
4
What is the remainder when 1189841 is divided by 198174?
797
Calculate the remainder when 9368351 is divided by 864.
863
Calculate the remainder when 278564 is divided by 336.
20
What is the remainder when 10289 is divided by 3905?
2479
Calculate the remainder when 124044 is divided by 656.
60
Calculate the remainder when 5151075 is divided by 735866.
13
What is the remainder when 20954224 is divided by 149673?
4
What is the remainder when 5676472 is divided by 523?
353
What is the remainder when 2503002 is divided by 2502949?
53
Calculate the remainder when 1061501 is divided by 81629.
324
Calculate the remainder when 43826 is divided by 1608.
410
What is the remainder when 317591064 is divided by 2189?
2188
What is the remainder when 40293781 is divided by 580?
21
What is the remainder when 186781 is divided by 23322?
205
What is the remainder when 9949563 is divided by 663304?
3
What is the remainder when 33752029 is divided by 26?
25
What is the remainder when 6310099 is divided by 115?
49
Calculate the remainder when 665076 is divided by 49.
48
What is the remainder when 74880 is divided by 5760?
0
Calculate the remainder when 434653 is divided by 39.
37
What is the remainder when 1995891 is divided by 124718?
403
Calculate the remainder when 13048560 is divided by 37603.
319
What is the remainder when 213284 is divided by 26657?
28
What is the remainder when 683280 is divided by 1784?
8
What is the remainder when 542060 is divided by 90208?
812
What is the remainder when 45368572 is divided by 30905?
32
What is the remainder when 45864788 is divided by 71?
66
Calculate the remainder when 545496578 is divided by 158.
156
What is the remainder when 4635239 is divided by 210692?
15
What is the remainder when 150679 is divided by 49778?
1345
Calculate the remainder when 217371432 is divided by 43474286.
2
What is the remainder when 972399 is divided by 97004?
2359
Calculate the remainder when 30574 is divided by 5368.
3734
Calculate the remainder when 998239 is divided by 1521.
463
What is the remainder when 4279871 is divided by 3446?
3385
Calculate the remainder when 26485343 is divided by 1968.
1967
Calculate the remainder when 8186400 is divided by 8186209.
191
What is the remainder when 1024041 is divided by 42599?
1665
What is the remainder when 19194919 is divided by 1066382?
43
What is the remainder when 111697204 is divided by 35?
24
Calculate the remainder when 378975 is divided by 1383.
33
Calculate the remainder when 3042496 is divided by 3282.
82
What is the remainder when 239981 is divided by 1843?
391
Calculate the remainder when 22680 is divided by 7520.
120
Calculate the remainder when 7555 is divided by 385.
240
Calculate the remainder when 3658026 is divided by 2180.
2166
Calculate the remainder when 9102 is divided by 581.
387
What is the remainder when 161232 is divided by 300?
132
Calculate the remainder when 466858 is divided by 1506.
1504
What is the remainder when 11853420 is divided by 165?
150
What is the remainder when 116573011 is divided by 1123?
1119
Calculate the remainder when 2393214 is divided by 299019.
1062
What is the remainder when 129094 is divided by 2725?
1019
What is the remainder when 2675755 is divided by 47?
45
Calculate the remainder when 9615469 is divided by 69176.
5
Calculate the remainder when 17696844 is divided by 415.
414
Calculate the rem